*k + 2. Let y be j(6). Let p be 114/10 + 4/y. Suppose p = -3*v - s + 24, v = 3*s + 1. What is the units digit of v?
4
Let j = 30 - 21. What is the units digit of j?
9
Let m(p) = 5*p**2 - 3 + 2 - 4*p + 3*p. Let i be m(-1). Suppose -3*j + 8*j - i = 0. What is the units digit of j?
1
Suppose -5*i = 4*q - 4, 0 = 3*i - i + 8. Let h be 1 + -1 + 9 - 2. Let o = h - q. What is the units digit of o?
1
Suppose 0*u + 4*u + 3*r - 16 = 0, 0 = 2*u + r - 6. What is the units digit of 3/1 - -2 - u?
4
Suppose -4*y = -2 - 6. Let u(x) = 5*x - 3. What is the units digit of u(y)?
7
Suppose 2*y - 2*k - 100 = 0, 3*y + 4*k - 114 = 71. What is the units digit of y?
5
Let k = 383 - 219. What is the tens digit of k?
6
Suppose -12*z - 80 = -17*z. What is the tens digit of z?
1
Suppose 16 - 3 = w. What is the units digit of w?
3
Let q(x) = -x - 1. Let m be q(-6). Suppose -6*u + 4 = -4*u. Suppose 0 = m*t - u - 8. What is the units digit of t?
2
Suppose 9*n = 10*n - 360. What is the units digit of n?
0
What is the tens digit of (-259)/(-4) + (-8)/(-32)?
6
Let r = 9 - 17. Let c(a) = 13*a**2 - 2*a + 1. Let d be c(1). Let t = r + d. What is the units digit of t?
4
Suppose 3*g = -3*f + 132, 4*g - 140 = g + 5*f. Suppose 9*h - g = 4*h. Suppose -3*z + h = -6. What is the units digit of z?
5
What is the units digit of 182/6 - 3/9?
0
Let n be (-1)/2 - (-10)/4. Suppose n*x - 4 = 0, -2 + 1 = 3*j - 5*x. What is the units digit of j?
3
Suppose n + n - 22 = 0. What is the units digit of n?
1
Let a(l) = 3*l**2 + 2*l - 2. Let w be a(-2). Suppose 4*k = k + w. Suppose -k*g = 2*r - 24, r - 3 = -0. What is the units digit of g?
9
Let h(r) = 9*r**3 - 5*r**2 + 4. Let s(j) = 5*j**3 - 2*j**2 + 2. Let k(g) = 4*h(g) - 7*s(g). What is the units digit of k(6)?
2
Let m = -22 - -24. Suppose 0 = b + b - m. What is the units digit of b?
1
Let i(n) = -5*n - 4. Let k(c) = c + 1. Let v(z) = -i(z) - 4*k(z). What is the units digit of v(3)?
3
Let p(n) = -n**2 - 3*n. Let f be p(-3). Suppose 3*v - 4*t = 17, -v + 4*t + 1 + 2 = f. What is the units digit of v?
7
Let y(k) = -5*k + 1. Let b = 6 + -9. What is the units digit of y(b)?
6
Let n(c) = -c**2 + 7*c - 7. Suppose 5*s = -8 - 7. Let q be (-3 - 12)*1/s. What is the units digit of n(q)?
3
What is the units digit of 5*(-12)/(-20) - -84?
7
Let z be ((-16)/10)/(24/(-60)). Suppose -70 = 2*x - z*x. What is the tens digit of x?
3
Suppose 29 = -5*i - 21. What is the units digit of 27/45 - 44/i?
5
Let t(p) = p**2 - 6*p - 7. Let f be t(6). Let z be 2/(-8) + f/4. What is the units digit of (0 - z*1) + 9?
1
Let y = -28 + 66. What is the units digit of y?
8
Let x(h) = -h + 8. Let r be x(6). Suppose r*g = 4*v + 8, 0*v + 2*v + 4 = -3*g. Suppose 6*m - 2*m = k - 18, -2*k - 2*m + 6 = g. What is the units digit of k?
6
Let o be 3 - (-2 - (5 - 2)). Suppose -o = -0*j - 2*j. Suppose -3*w = -3*x - 33, 0*x - 2*x + 26 = j*w. What is the units digit of w?
8
Let n = -115 + 247. What is the units digit of n?
2
Let y(h) = -h**2 - 8*h + 11. Let r be y(-9). Let d be (1/r)/((-5)/(-10)). What is the units digit of (-21)/((-6)/2) - d?
6
What is the units digit of (44/1)/((-2)/(-1))?
2
Let a be 102/27 + 6/27. Suppose -2*o = -3*o + a. Suppose -o = 3*r - 28. What is the units digit of r?
8
Suppose p - 14 = 3*w - 1, 2*w - 2*p + 14 = 0. Let j = w - -1. What is the units digit of 16/7 + j/7?
2
Let j be 22*((-3)/2 + 1). Let i = j - -15. What is the units digit of i?
4
Suppose -v + 15 + 212 = 5*a, v - 5*a = 267. What is the hundreds digit of v?
2
Let v = 7 - 5. Suppose 2*d = v + 24. What is the tens digit of d?
1
Suppose -4*a - 5 = -j - 32, -3*j + 2*a - 61 = 0. Let b = j + 10. Let c = -4 - b. What is the units digit of c?
5
What is the units digit of 1222/8 + (-1)/(-4)?
3
Let x be (4/(-12))/(1/(-9)). Suppose 0 = -b + 5*l - x, 2 = l. What is the units digit of b?
7
Suppose 3*g + 4*h - 1 = -0*g, -5*g = 3*h - 20. What is the units digit of g?
7
Let p(y) be the first derivative of -y**3/3 - 3*y**2 - 6*y + 2. Let i be p(-5). Let k = i - -10. What is the units digit of k?
9
Let i(a) = 4*a**2 - 6*a - 5. Let h(t) = -3*t**2 - t - 1. Let w be h(-1). What is the tens digit of i(w)?
4
Suppose -104 = -5*l - 4*y - 0*y, 3*y + 36 = l. What is the units digit of l?
4
Suppose 7*h - 4*h - 15 = 0. Suppose 2*j + 5 = -2*d + d, h*j - 3*d - 15 = 0. Suppose -o + 4*o - 30 = j. What is the tens digit of o?
1
Let o = 16 + -9. Let a = -5 + o. Suppose 0*p = -a*p + 12. What is the units digit of p?
6
Let l(v) = 7*v - 3. What is the tens digit of l(14)?
9
Let q be (0 - -5)*(2 + -1). Suppose q*f + 2 + 3 = 0. What is the units digit of 6/1 - (f + 2)?
5
Let a(x) = -x**3 + 10*x**2 - 6*x + 3. Let p be a(7). Suppose 4*d - p = -40. Let w = 25 - d. What is the units digit of w?
8
Suppose 0*o - 4*t = -4*o + 32, -o + 17 = -4*t. Suppose 15 = 4*b - o. What is the units digit of b?
5
Let n(c) = c**2 - c - 9. What is the units digit of n(8)?
7
Let g be (0 - (-2)/4)*168. Suppose -g - 78 = -6*h. What is the tens digit of h?
2
Let n = 9 - 3. Let i(f) = 1 - 7 + 2 + f + 1. What is the units digit of i(n)?
3
Suppose 4*w = -7 + 47. Suppose 0 = -5*u + w + 55. What is the units digit of u?
3
Let j(g) = -5*g + 15. Let t(m) = 4*m - 14. Let x(f) = -2*f + 1. Let v be x(3). Let z(r) = v*j(r) - 6*t(r). What is the units digit of z(-6)?
3
Let g(c) = -c**3 + 1. Let k(j) = 10*j**2 + 9*j + 5. Let x(d) = -d - 11. Let q be x(-10). Let z(f) = q*g(f) + k(f). What is the units digit of z(-9)?
4
Suppose 0 = -3*t - 17*t + 5020. What is the tens digit of t?
5
Let d = -71 - -106. What is the units digit of d?
5
Let f(m) = -7*m**3 - 19*m**2 - 23*m + 23. Let v(h) = 3*h**3 + 9*h**2 + 11*h - 11. Let y = -8 + 4. Let q(p) = y*f(p) - 9*v(p). What is the units digit of q(6)?
1
Let d(q) = -4*q**2. Suppose 3*j + 3*v - 7*v + 3 = 0, -3*j - 2*v - 3 = 0. Let m be d(j). Let w(a) = -a**3 - 5*a**2 - 7*a - 5. What is the units digit of w(m)?
7
Suppose -2*a + 0 = -4. Suppose -5*n + 110 = 5*j, j = a*n + n - 50. What is the units digit of n?
8
Let x(v) = -v**2 - 1. Suppose -5*l = 6 + 4. Let i be x(l). What is the units digit of 10*(3 - i/(-2))?
5
Let b(n) = -5*n**3 - 8*n + 4*n**3 + 5 + 2*n**3 - 7*n**2. Let m be b(8). Suppose 0 = -y - t + 16 + 6, m*y - 60 = 5*t. What is the units digit of y?
7
Suppose 0 = -4*k + 2*p - 2, k + 0*p + 18 = 4*p. Suppose -k*h = 2*h - 56. What is the units digit of h?
4
Let i be ((-16)/10)/((-4)/10). Suppose -a = -i*a + 33. What is the units digit of a?
1
Suppose 3 = -0*k + k. Let n be ((-12)/8)/(k/(-4)). Suppose 32 = n*y + 2*y. What is the units digit of y?
8
Let d(j) = 4*j**3 + j**2 + j - 1. Let s be d(1). Suppose -4*k + 2*m + 116 = 0, 3*k - 3*m - 1 - 86 = 0. Suppose s - k = -3*t. What is the units digit of t?
8
Let d = -93 - -209. What is the tens digit of d?
1
Let i be (10/6)/((-2)/(-6)). Suppose i*f + 2*a = 5*a + 38, 2*f = -2*a + 12. What is the units digit of f?
7
Let r(b) = 4*b**2 - b - 1. Let w be r(-1). Suppose y + z - 37 = -z, w*z - 12 = 0. What is the units digit of y?
1
Suppose 0 = -i + 10 + 28. What is the tens digit of i?
3
Let c(v) = -v**3 - 6*v**2 - 12*v - 7. What is the units digit of c(-3)?
2
What is the tens digit of 3/6 - (-411)/6?
6
Let v = 189 - -39. What is the units digit of v?
8
What is the tens digit of (4/(-3))/((-9)/1782)?
6
What is the units digit of 40/7 - (-16)/56?
6
Suppose 5*i - 3*k - 20 = 0, 0 = -2*i + 5*i + 3*k - 12. What is the units digit of (-1 - i - -2) + 32?
9
Let y = 11 - -5. What is the tens digit of y?
1
Let c(u) = -u**3 + 12*u**2 + 12*u + 14. Let s be c(13). What is the units digit of s/(-2)*-42 + -3?
8
Let a be (6/2 - 3) + -2. What is the units digit of -2*a/6*3?
2
Suppose 2*p - 2 = -5*q, -p = -2*q - 0*p + 8. Suppose -45 = -3*w - q*w. Suppose -w = -3*h + 6. What is the units digit of h?
5
Suppose -5*u = 58 - 3. Let a = u + 16. What is the units digit of a?
5
Let s = 8 - -3. Let x = s + -6. Suppose 2*v + 3*k - 5 = 0, -x*k - 23 = -5*v + 27. What is the units digit of v?
7
Let d be (-1)/1*6 - -2. Let m(y) = y + 7. Let a be m(d). Suppose 5*o + 2*s - 5 = 0, a*s = -4*o - 0*s - 3. What is the units digit of o?
3
Suppose o - j = 172, -4*j = j. What is the hundreds digit of o?
1
What is the units digit of ((-420)/20)/(2/(0 - 8))?
4
Suppose 6*d - 2*d = 16. Suppose -5*g - k + d*k - 36 = 0, 0 = -3*k + 6. What is the units digit of (-2